 q(h) be the first derivative of 3*h**2 - 8*h + 4. Let r be q(-8). What is the units digit of (-464)/r - (-4)/(-14)?
8
Suppose 0 = z - 5*z + 48. Suppose 4*u - z = 72. What is the units digit of u?
1
Suppose 4*l = -115 + 303. What is the tens digit of l?
4
Let b = 54 + -77. Let z be -2*(-3)/(-6) - b. Suppose -68 = -5*c + z. What is the units digit of c?
8
Let t(f) = f - 1. What is the units digit of t(6)?
5
Suppose -4 = -2*p - 2*p. Suppose 5*u - p = q + 5, -3*q = -2*u - 8. What is the units digit of u?
2
Let v = 182 - 55. What is the hundreds digit of v?
1
Let v = -5 - 0. What is the units digit of (-6)/15 - 7/v?
1
Let m = -131 + 235. What is the units digit of m?
4
Let r(w) = -2*w**2 + 7*w. What is the units digit of r(3)?
3
What is the tens digit of 312/9*(-3)/(-2)?
5
Let f = 66 - 43. Suppose 55 = -0*j - 5*j - 5*z, -j - f = 5*z. What is the units digit of 17/3 + j/12?
5
Suppose -5*j = -j. Let q be (-2)/((-4)/14 + j). Let l = q - 4. What is the units digit of l?
3
Suppose -3*t = -0*t - 12. Let w = t - 6. Let x = 8 + w. What is the units digit of x?
6
Let g be 0 - -1 - 3 - -5. Suppose -2*h = -3*v + 3 + 4, -g*h = -2*v + 3. Let q(x) = x + 2. What is the units digit of q(v)?
5
Let g(j) = -4 - 4*j + j**3 - 8*j**2 + 8*j - 2*j. What is the tens digit of g(8)?
1
Suppose 253 + 122 = 5*x. What is the tens digit of x?
7
Suppose 0*w - 113 = -2*w - q, 4*q + 43 = w. Suppose a = 5*p - 55, 5*p - 3*a = -a + w. Let u = -8 + p. What is the units digit of u?
3
Let h(f) be the second derivative of -1/12*f**4 + 0 + 3/10*f**5 + f + 1/3*f**3 - 1/2*f**2. What is the units digit of h(1)?
6
Suppose 2*s - 15 = -s. Suppose -5*h + 2*o - 4 = -29, s*o + 22 = -h. What is the units digit of h?
3
Suppose -2*a - 2*a + 28 = 0. Let d = 47 - a. What is the units digit of d?
0
Suppose -3*d = -2*m - 0*m + 44, -4*d = 5*m + 51. What is the units digit of (-4)/d - 54/(-7)?
8
Let h = -13 + 37. What is the tens digit of h?
2
Suppose 2*o = -5*i + 20, i = -2*i - 5*o - 7. What is the units digit of i?
6
Suppose 120 = 5*p + f, p - 24 = -f + 3*f. What is the tens digit of p?
2
Suppose 0 = -3*a + 6*a - 12. Suppose -5*k = -a*t - t + 140, 0 = -4*k - 12. What is the tens digit of t?
2
Suppose -54 = -5*u + 71. What is the tens digit of u?
2
Let b(q) = -38*q + 5 + 41*q + 3. What is the units digit of b(5)?
3
Let n(j) be the first derivative of j**2/2 + j - 1. What is the units digit of n(3)?
4
Suppose 0 = -7*h + 152 + 37. What is the units digit of h?
7
Let d be 2/12*2*9. Suppose -2*v = d - 13. Suppose 0 = -v*r + 15. What is the units digit of r?
3
Let z(k) = 3*k**3 - 4*k**2 + k - 1. Let p = 14 - 10. Let b(w) = 4*w**3 - 3*w**2 + w - 1. Let u(o) = p*b(o) - 3*z(o). What is the units digit of u(1)?
7
Suppose h - 38 = -4*k + 8, 5*h - 278 = -4*k. What is the units digit of h?
8
Suppose -b + 7 = -13. Suppose -2*q = 2*q - 5*t + b, 0 = -t. Let p = q + 12. What is the units digit of p?
7
Let f be 2/7 - (-132)/(-21). Let x(p) = p**3 + 6*p**2 - 2*p - 3. What is the units digit of x(f)?
9
Suppose 2*c + 4 = a - 0, -3*c - 6 = 4*a. Let v be -1*(-4 - c)*1. Suppose -d = v*d - 3. What is the units digit of d?
1
Let s = 365 - 188. What is the hundreds digit of s?
1
Suppose 0*n - 3*t = -4*n + 48, 4*t + 59 = 5*n. Suppose -i - 46 = -5*f + i, -5*i = n. What is the units digit of f?
8
Let b(f) = 4*f**2 + f + 4. Let r be b(4). Suppose m - 21 = 2*d, 4*m + 0*d = 4*d + r. What is the tens digit of m?
1
Let l(r) = 2*r**2 + 2*r - 1. Let b be l(-2). Suppose 2*m = b*m - 10. What is the tens digit of (1 - -12)*(m + -9)?
1
Suppose -6*c + 252 = -2*c. What is the units digit of c?
3
Suppose 4 = k + 3, 0 = -4*j + k + 31. Let h = 10 - j. What is the units digit of h?
2
Suppose 4*v - 7 = 137. Suppose 89 = 5*c - v. What is the tens digit of c?
2
Let k = 17 + -16. Let n(o) = o**3 - o**2. Let r be n(0). Let y = k + r. What is the units digit of y?
1
Suppose g - 4 = 4*r, 0 = -5*g - 2*r - r + 135. Suppose -4*b - g = -p, -2*b + 0*b = -4*p + 26. Let m(t) = -t - 4. What is the units digit of m(b)?
1
Suppose -q - f = -133, -f = 4*q - 7*q + 407. What is the hundreds digit of q?
1
Let s = 16 - 4. Let k be s/(-1*(-6)/20). Suppose -2*d = 3*d - k. What is the units digit of d?
8
Let w(c) = -34*c + 7. Let p be w(5). Let z = -85 - p. Suppose 4*y - 3*s - z + 24 = 0, 5*y = -5*s + 50. What is the tens digit of y?
1
Let t = 83 + -30. What is the units digit of t?
3
Suppose -5*l - 161 = -776. What is the tens digit of l?
2
Suppose 6*m - m - 20 = 0. Suppose -25 = -x - m*x. What is the units digit of x?
5
Let v be (7 + 2)/((-3)/(-4)). Suppose 4*i + 0*u + v = -4*u, -23 = -4*i + 3*u. Suppose 18 - 6 = 2*j - i*g, 0 = 5*j + 5*g - 20. What is the units digit of j?
5
Let n be (-18)/(-15)*(-50)/(-3). Let z = -13 + n. What is the units digit of z?
7
Suppose 3 = -4*i + 75. What is the units digit of (i/(-4))/((-3)/6)?
9
Suppose 3*b - 1 - 29 = 3*s, s = 2*b - 15. Suppose -b*d - 3*j = -84, -5*j = 4*d - 6*d + 15. Let x = d - 8. What is the units digit of x?
7
Suppose -3*p - 6 = -21. Let q = 8 - p. Suppose 3*f + q = 21. What is the units digit of f?
6
Let g be ((-3)/2)/(2/(-4)). Suppose 0 = 2*v + h - g*h - 48, 3*h + 110 = 5*v. Suppose b - 3*w = w + 21, 3*w = 4*b - v. What is the units digit of b?
1
Suppose 3*i = -i. Suppose i*z - 18 = -2*z. Suppose 2*r - 3 = z. What is the units digit of r?
6
Suppose 0*h = h + 4*p - 9, 5 = 5*p. Suppose 15 = h*n - 0*n. What is the units digit of n?
3
Let k = 185 - 99. What is the tens digit of k?
8
What is the tens digit of -2 + 0 - -38 - 4?
3
Let p be (-1)/(-7) + 12/(-84). Suppose 5*y + p = 10, 2*y - 64 = -5*x. What is the units digit of x?
2
Let a = 2 - 2. Let l = a - 0. Suppose 2*k - 16 = -4*o - l*k, -4*k = 0. What is the units digit of o?
4
Let l = 5 - 3. What is the units digit of (-10)/4*(-4)/l?
5
Let h = -7 + 11. Let b(n) = 3*n + 3. Let o be b(h). Suppose 4*a + 9 = -4*d - 3, 5*a - o = d. What is the units digit of a?
2
Let j(l) = -5*l - 5. Let m be j(-4). Suppose 3*b - 15 = m. Suppose -5*p - b - 31 = -4*u, 4*u - 32 = -4*p. What is the units digit of u?
9
Suppose 474 = 5*p - 21. Suppose -p - 16 = -5*d. What is the units digit of d?
3
Suppose 0 = -4*l + 12 + 4. Suppose s - l*g - 36 = -s, -33 = -4*s - 5*g. What is the tens digit of s?
1
Suppose h + b = 0, 0*b - 7 = -5*h + 2*b. Let d be (h - -2)/(3/(-42)). What is the units digit of d/(-4) + 2/(-4)?
0
Suppose 0 = 3*u - 9 - 6. Suppose -4*z + 3*z = -n + 2, u*n + 2*z - 31 = 0. Suppose -2*b + 3*r = -26, 4*b - 6*r - 52 = -n*r. What is the units digit of b?
3
Let b = 3 - 0. Suppose b*h - 6 = 2*h. What is the units digit of h?
6
Suppose 2*w + 25 = 5*m, 4*m + 0*w + 3 = -3*w. Let g(h) = h**3 - 4*h**2 + 4*h - 2. Let d be g(m). Suppose 0 = -o + 4 - d. What is the units digit of o?
3
Let r(z) = 2*z**2 - 1. Let g be r(1). Let b = -10 + 17. Suppose o = b + g. What is the units digit of o?
8
Let k be (3 + 10/(-4))*8. Suppose 0 = -4*v + 2*f + f + 41, -k*f = 3*v - 37. What is the units digit of v?
1
Let y be (-16)/(-56) - (-82)/7. What is the units digit of y/18 - (-134)/6?
3
Suppose 6 = 3*l - 9. What is the units digit of (-3)/l - 76/(-10)?
7
Let t = 10 + -6. Suppose o = -t*o. Suppose -4*n + 17 = -2*n + 3*j, -3*n - j + 43 = o. What is the tens digit of n?
1
Let k(d) = d**3 + 7*d**2 + d + 8. Let j(i) = 5*i**3 + 29*i**2 + 3*i + 33. Let c(y) = 2*j(y) - 9*k(y). What is the units digit of c(6)?
2
Suppose 0*l + 3*l = 9. Let t be l/15 - 182/10. What is the tens digit of (-2)/(((-9)/(-3))/t)?
1
Suppose 2*m + 30 = 5*t + 9, -4*m - 5*t - 27 = 0. Let f(o) = -o**3 - 8*o**2 + 2. Let v be f(m). Let c = 0 + v. What is the units digit of c?
2
Suppose -5*f - 20 = -4*r, -r - r - 20 = 5*f. Let n(d) = -14*d + 14. Let v(g) = -5*g + 5. Let w(c) = 4*n(c) - 11*v(c). What is the units digit of w(r)?
1
Let y(i) = 2*i**3 + i**2 + 4*i - 4. What is the tens digit of y(2)?
2
What is the units digit of 0 + 4 - (-5)/(-10)*-18?
3
Suppose 4*b + 52 = -2*q, 2*b + 5*q = -0*q - 18. What is the tens digit of -8*b/4 + -2?
2
Let k be (-4)/1 + (-4 - -4). Let i(s) = -5*s - 5. Let o(f) = 11*f + 10. Let v(c) = 7*i(c) + 3*o(c). What is the units digit of v(k)?
3
Let t(l) = 2*l**2 - l - 2. Let r be t(2). Suppose 3*i + r*w - 27 = 0, 3*w - 2*w = 0. What is the units digit of i?
9
Suppose 4*f + 4 = 5*f. Let w(l) be the first derivative of l**3/3 + l*